greatest common factor of 42 and f?
42
Let p be (87/(-12))/((-1)/(-4)). Let z = p + 41. What is the highest common divisor of 96 and z?
12
Suppose -36 = -4*h - 5*k, 0 = k + k. Calculate the greatest common factor of 144 and h.
9
Let g = 20 - 14. Suppose t + 10 = 4. Let c = t + 24. Calculate the greatest common divisor of g and c.
6
Let m(y) = y + 13. Let p be m(-10). Suppose 5*g - p*b - 40 = 0, 0 = 2*g + 2*g + 3*b - 59. Calculate the greatest common divisor of 121 and g.
11
Suppose 0*z - 275 = -5*z + 3*v, 72 = z - 4*v. Suppose -2*t = -6*t + z. Calculate the highest common divisor of 26 and t.
13
Suppose 3*z + 3*j = 1176, 1992 = 2*z + 3*z - 3*j. What is the greatest common factor of 36 and z?
36
Let o = -121 + 217. What is the greatest common divisor of o and 12?
12
Suppose 0 = t - 6*t + 40. Let l(w) = w**2 + 3*w - 8. Let z be l(t). Suppose 4*r - 16 = 2*r. Calculate the greatest common factor of z and r.
8
Suppose -4*w + 1 = -15. Suppose w*n - 3*n = 20. What is the greatest common factor of n and 220?
20
Let y(p) = p - 2. Let f = 4 + 0. Let s be y(f). What is the highest common factor of s and 2?
2
Let i(u) be the second derivative of -7*u**5/20 - u**3/6 - u**2/2 + 3*u. Let t be i(-1). Let p = -71 - -134. Calculate the highest common factor of t and p.
7
Let l be 1*-2 + (-6 - (-1 + -9)). Suppose 4*n = a - 9 - 2, -3*a - n = 6. Let w(j) = 15*j**2 - j. Let f be w(a). What is the greatest common factor of l and f?
2
Suppose -11 = -2*t - 3. Suppose -t*i = i. Suppose i = 5*p - 20 - 80. Calculate the highest common factor of p and 30.
10
Let a(v) = -v**2 - 3*v - 3. Let m be a(-4). Let y = m + 22. Let t = 31 - y. Calculate the greatest common factor of t and 4.
4
Let f(i) = -i**2 + 5*i - 2. Let w be f(4). Suppose 0*z - 3*z = -24. Suppose -3*u = -z*u + 50. What is the greatest common factor of u and w?
2
Suppose 253 = 5*f + 53. What is the greatest common factor of 8 and f?
8
Let u be (-42)/5 - (-4)/10. Let s be (-110)/u + 3/12. Let o be 3*(1 + 0 - -6). Calculate the greatest common divisor of s and o.
7
Let n be ((-36)/(-2))/(6/28). Let o(d) = d**3 + d + 1. Let b be o(2). Suppose 47 - b = 3*w. What is the greatest common divisor of w and n?
12
Suppose 0 = -3*x + 4*j + 72, 5*x + 2*j - 120 = -j. Let w be (2 - (3 - -2)) + 1. Let s be w - 3*(-3 - 3). Calculate the highest common divisor of x and s.
8
Let g = -67 + 232. Calculate the highest common divisor of g and 15.
15
Suppose x - 16 = -4*a - x, -4*a + 5*x = -2. What is the highest common factor of a and 12?
3
Suppose 5*j = 0, 2*y + 0*y = -j + 8. Suppose y*s - 1 = 19. Calculate the highest common divisor of s and 55.
5
Let l = -2 + 4. Let x be 1/2 + 5/l. Let q be x*(0 - -1)*19. What is the highest common factor of 38 and q?
19
Let q(s) = 2*s**2 + 3*s - 4. Let n = -10 + 6. Let p be q(n). Let i be 3*-1*40/18*-12. What is the highest common factor of p and i?
16
Suppose -5*m = -25, 4*v + 3 = 2*m + 1. Let n be 9/((v - 0)/2). Suppose n = -2*r + 5*r. Calculate the greatest common divisor of r and 3.
3
Let t(h) be the second derivative of -h**3/6 + h**2/2 + 4*h. Let m be t(-3). Calculate the highest common factor of 16 and m.
4
Suppose 2*x = -4*z + 118, 2*x + 0*x - 58 = -2*z. Suppose -3*s = 2*i - 1, 2*s = -5*i - 0*s + z. Calculate the greatest common divisor of i and 2.
2
Suppose -h + 11 = 3*j, -3*h + 2*j = 7*j - 37. What is the highest common divisor of h and 2?
2
Let x be 7/(-10)*4*-10. Suppose 2*c - 4*f = 30, -3*c = c + 2*f - 20. Calculate the greatest common factor of c and x.
7
Suppose -691 = -5*n + 4*y, -4*n = -2*y + 6*y - 524. Let q(r) = 28*r - 2. Let x be q(2). What is the highest common divisor of x and n?
27
Let n be 3/5 - (-224)/10. What is the highest common divisor of 46 and n?
23
Suppose -3*x + 6*x = 6. Suppose 2*y + x = y. Let p be (-14)/y*2*2. Calculate the highest common divisor of p and 70.
14
Suppose 0 = -6*h + 183 + 159. Calculate the highest common divisor of 38 and h.
19
Let j = 26 - 16. Suppose -t - j = -k, -5*k = t + 3*t - 59. What is the highest common divisor of k and 55?
11
Suppose -27*g = -23*g - 208. Calculate the greatest common divisor of g and 78.
26
Let a = -143 - -223. Let k = a - 44. Let w = -20 - -29. Calculate the highest common divisor of k and w.
9
Let q = 11 - 7. Suppose 3*z = -2*a - 4 - 14, -3*a - 23 = 4*z. Let t be 2 - ((-2)/(-1) + z). Calculate the highest common factor of q and t.
4
Suppose -6*h = -9*h + 12. Suppose 0 = -4*v - d + 62, 0 = h*v + 3*d + d - 68. What is the greatest common factor of 15 and v?
15
Let v = 26 + -45. Let f = -7 - v. What is the greatest common divisor of f and 8?
4
Let v(m) = -11*m - 2. Let g(b) = 5*b + 1. Let l(c) = -5*g(c) - 2*v(c). Let r be l(-1). Suppose r*z + 60 = 6*z. Calculate the highest common factor of 3 and z.
3
Let h(f) = -42*f + 2. Let j be h(-3). Calculate the greatest common divisor of 16 and j.
16
Let h(a) = 3*a**2 - a - 1. Let y be h(-1). Suppose 43 = 5*k + 3*v, 1 = 4*v - y. Let o be (1 + -19)*4/(-3). What is the highest common factor of k and o?
8
Suppose 5*c = -4*y + 362, 3*c = 3*y + 2*y + 195. What is the highest common factor of c and 10?
10
Let q(k) = -k**3 - 4*k**2 - 6*k + 4. Let l be q(-6). Let n be (6/5)/((-4)/(-30)). Suppose 19 + n = 2*j. What is the greatest common divisor of j and l?
14
Let n(o) = 2*o**2 - 5*o - 1. Let f be n(4). Let s be 78*(-3 - (-20)/12). Let c be s/(-10) - 6/(-10). What is the greatest common factor of f and c?
11
Let i(f) = f**3 + 12*f**2 + f + 7. Let r be i(-5). Let p = -122 + r. What is the greatest common factor of 11 and p?
11
Let k be (-4)/(-3) - (-4)/6. Suppose k*d + 2*d = -24. Let l(p) = -2*p - 6. Let s be l(d). What is the highest common factor of 24 and s?
6
Let b(y) = 4*y**2 - 4*y - 1. Let o be b(3). Calculate the highest common factor of 23 and o.
23
Suppose -9*y + 49 + 68 = 0. Let t be (52/6)/((-6)/(-45)). Calculate the greatest common divisor of y and t.
13
Let u = -37 + 38. Calculate the highest common factor of 6 and u.
1
Let h = -9 - -14. Let l be 148/h + 16/40. Calculate the greatest common factor of 75 and l.
15
Let k(g) = 5*g - 6. Let i be k(3). Suppose -i = -a + 71. What is the highest common divisor of 10 and a?
10
Let h be (6/9)/((-2)/(-30)). Suppose -5*m + 235 = -3*l - 7, -2*m + 96 = -l. Let r = -21 + m. Calculate the greatest common factor of r and h.
5
Let x be ((-1152)/(-45) - 1) + 2/5. Calculate the highest common factor of x and 5.
5
Let w = -1 - -8. Let f be 1*(-3 - (-2 + 0)). Let x = w + f. What is the greatest common factor of x and 9?
3
Let q = -164 - -388. Calculate the highest common divisor of 32 and q.
32
Let c be 2 - 1 - (-21 - -2). Suppose -4*w = -43 + 3. What is the greatest common factor of c and w?
10
Suppose 166 + 54 = 2*o. Let k be (o/15)/((-1)/(-24)). Calculate the greatest common divisor of 22 and k.
22
Let a = 68 + -47. What is the greatest common factor of a and 14?
7
Let h(i) = -i**2 + 11*i - 12. Let o be h(3). What is the highest common factor of o and 156?
12
Suppose -y - 4*q = -3, 2*y + 6*q - q - 15 = 0. Let m be 302/6 + (-5)/y. What is the highest common divisor of m and 75?
25
Let v(q) = -q**3 + 7*q**2 + 6*q + 5. Let g be v(6). Suppose 0 = k - 11. Calculate the highest common factor of k and g.
11
Let v(n) = -n + 4. Let q be v(4). Let h be -1 - 1 - 2/(-1). Suppose q = -2*o - h*o + 140. Calculate the greatest common factor of o and 28.
14
Let l(a) = a**3 + 5*a**2 + a + 7. Let t be l(-5). Let d be ((-3)/1 + 1)/t. Let h be (6/(-5))/(d/10). Calculate the greatest common divisor of h and 3.
3
Suppose 7 = -y + 43. Suppose 0 = -3*s - 0*s + y. Let g(r) = r**2 + 7*r + 8. Let p be g(-7). Calculate the highest common divisor of s and p.
4
Let q = -1 - -12. Let u(r) = 33*r**2 + r + 1. Let p be u(-1). What is the highest common divisor of p and q?
11
Let c = 42 + 12. Calculate the greatest common divisor of 12 and c.
6
Let t = -3 - -17. What is the highest common factor of t and 28?
14
Suppose 2*s = -5*p + 4, -p - 8 = -3*s - s. Let j be 6/4*12/9. Calculate the greatest common factor of s and j.
2
Let x be 5/70*7 + 539/2. What is the greatest common divisor of x and 54?
54
Let h = -11 + 27. Calculate the greatest common divisor of 4 and h.
4
Suppose 2*x = 5*i - 30, -i = -0*x + 4*x - 28. Let u be 261/4 + (-2)/i. Calculate the highest common divisor of